{"id":673,"date":"2025-10-21T14:34:44","date_gmt":"2025-10-21T12:34:44","guid":{"rendered":"https:\/\/mazurskaprzyroda.pl\/?page_id=673"},"modified":"2025-10-29T13:00:48","modified_gmt":"2025-10-29T12:00:48","slug":"front_page","status":"publish","type":"page","link":"https:\/\/mazurskaprzyroda.pl\/","title":{"rendered":"Home"},"content":{"rendered":"\n<p>Naszym obszarem dzia\u0142ania jest edukacja ekologiczna oraz promowanie walor\u00f3w przyrodniczych Warmii i Mazur. Organizujemy wystawy, spotkania, wycieczki, pokazy, rejsy oraz zaj\u0119cia terenowe. <\/p>\n\n\n\n<hr class=\"wp-block-separator has-alpha-channel-opacity\"\/>\n\n\n\n<p>Naszym zdaniem to najbardziej efektywne metody przekazywania wiedzy, do\u015bwiadcze\u0144 oraz kszta\u0142towania w\u0142a\u015bciwych wzorc\u00f3w i postaw wobec przyrody i \u015brodowiska. <\/p>\n\n\n\n<hr class=\"wp-block-separator has-alpha-channel-opacity\"\/>\n\n\n\n<p>Systematyczne uwra\u017cliwianie na problematyk\u0119 dotycz\u0105c\u0105 \u015brodowiska naturalnego, ekologii, czy ochrony zwierz\u0105t to istotne dzia\u0142ania w kontek\u015bcie przysz\u0142o\u015bci naszego regionu oraz zachowania jego walor\u00f3w przyrodniczych i krajobrazowych.<\/p>\n\n\n\n<hr class=\"wp-block-separator has-alpha-channel-opacity\"\/>\n\n\n<div class=\"wp-block-image\">\n<figure class=\"aligncenter size-large\"><img loading=\"lazy\" decoding=\"async\" width=\"1024\" height=\"576\" src=\"http:\/\/mazurskaprzyroda.pl\/wp-content\/uploads\/2025\/10\/cropped-cropped-499970059_1532732624820733_3194015516607165779_n-1024x576.jpg\" alt=\"\" class=\"wp-image-714\" srcset=\"https:\/\/mazurskaprzyroda.pl\/wp-content\/uploads\/2025\/10\/cropped-cropped-499970059_1532732624820733_3194015516607165779_n-1024x576.jpg 1024w, https:\/\/mazurskaprzyroda.pl\/wp-content\/uploads\/2025\/10\/cropped-cropped-499970059_1532732624820733_3194015516607165779_n-300x169.jpg 300w, https:\/\/mazurskaprzyroda.pl\/wp-content\/uploads\/2025\/10\/cropped-cropped-499970059_1532732624820733_3194015516607165779_n-768x432.jpg 768w, https:\/\/mazurskaprzyroda.pl\/wp-content\/uploads\/2025\/10\/cropped-cropped-499970059_1532732624820733_3194015516607165779_n-1536x864.jpg 1536w, https:\/\/mazurskaprzyroda.pl\/wp-content\/uploads\/2025\/10\/cropped-cropped-499970059_1532732624820733_3194015516607165779_n.jpg 1998w\" sizes=\"auto, (max-width: 767px) 89vw, (max-width: 1000px) 54vw, (max-width: 1071px) 543px, 580px\" \/><\/figure>\n<\/div>","protected":false},"excerpt":{"rendered":"<p>Naszym obszarem dzia\u0142ania jest edukacja ekologiczna oraz promowanie walor\u00f3w przyrodniczych Warmii i Mazur. Organizujemy wystawy, spotkania, wycieczki, pokazy, rejsy oraz zaj\u0119cia terenowe. Naszym zdaniem to najbardziej efektywne metody przekazywania wiedzy, do\u015bwiadcze\u0144 oraz kszta\u0142towania w\u0142a\u015bciwych wzorc\u00f3w i postaw wobec przyrody i \u015brodowiska. Systematyczne uwra\u017cliwianie na problematyk\u0119 dotycz\u0105c\u0105 \u015brodowiska naturalnego, ekologii, czy ochrony zwierz\u0105t to istotne dzia\u0142ania &hellip; <\/p>\n<p class=\"link-more\"><a href=\"https:\/\/mazurskaprzyroda.pl\/\" class=\"more-link\">Czytaj dalej<span class=\"screen-reader-text\"> \u201eHome\u201d<\/span><\/a><\/p>\n","protected":false},"author":2,"featured_media":0,"parent":0,"menu_order":0,"comment_status":"closed","ping_status":"closed","template":"","meta":{"footnotes":""},"class_list":["post-673","page","type-page","status-publish","hentry"],"_links":{"self":[{"href":"https:\/\/mazurskaprzyroda.pl\/index.php?rest_route=\/wp\/v2\/pages\/673","targetHints":{"allow":["GET"]}}],"collection":[{"href":"https:\/\/mazurskaprzyroda.pl\/index.php?rest_route=\/wp\/v2\/pages"}],"about":[{"href":"https:\/\/mazurskaprzyroda.pl\/index.php?rest_route=\/wp\/v2\/types\/page"}],"author":[{"embeddable":true,"href":"https:\/\/mazurskaprzyroda.pl\/index.php?rest_route=\/wp\/v2\/users\/2"}],"replies":[{"embeddable":true,"href":"https:\/\/mazurskaprzyroda.pl\/index.php?rest_route=%2Fwp%2Fv2%2Fcomments&post=673"}],"version-history":[{"count":4,"href":"https:\/\/mazurskaprzyroda.pl\/index.php?rest_route=\/wp\/v2\/pages\/673\/revisions"}],"predecessor-version":[{"id":767,"href":"https:\/\/mazurskaprzyroda.pl\/index.php?rest_route=\/wp\/v2\/pages\/673\/revisions\/767"}],"wp:attachment":[{"href":"https:\/\/mazurskaprzyroda.pl\/index.php?rest_route=%2Fwp%2Fv2%2Fmedia&parent=673"}],"curies":[{"name":"wp","href":"https:\/\/api.w.org\/{rel}","templated":true}]}}