{"id":496,"date":"2025-10-17T10:42:07","date_gmt":"2025-10-17T08:42:07","guid":{"rendered":"https:\/\/mazurskaprzyroda.pl\/?page_id=496"},"modified":"2025-10-21T09:34:05","modified_gmt":"2025-10-21T07:34:05","slug":"gizycka-noc-sow","status":"publish","type":"page","link":"https:\/\/mazurskaprzyroda.pl\/?page_id=496","title":{"rendered":"Gi\u017cycka Noc S\u00f3w"},"content":{"rendered":"\n<p>Zapraszamy do Twierdzy Boyen w Gi\u017cycku na Gi\u017cyck\u0105 Noc S\u00f3w \u2013 wyj\u0105tkowe wydarzenie po\u015bwi\u0119cone fascynuj\u0105cemu \u015bwiatu tych niezwyk\u0142ych ptak\u00f3w. Podczas prelekcji uczestnicy poznaj\u0105 biologi\u0119, ekologi\u0119 i rol\u0119 s\u00f3w w przyrodzie oraz dowiedz\u0105 si\u0119, jakie gatunki mo\u017cna spotka\u0107 w Polsce.<\/p>\n\n\n\n<p>Po zmroku wyruszymy na wsp\u00f3lny spacer, aby nas\u0142uchiwa\u0107 i obserwowa\u0107 sowy w ich naturalnym \u015brodowisku, a tak\u017ce lepiej pozna\u0107 ich zwyczaje i odg\u0142osy.<\/p>\n\n\n\n<p><strong>To wydarzenie \u0142\u0105czy edukacj\u0119, przygod\u0119 i kontakt z przyrod\u0105 \u2013 idealne dla ca\u0142ych rodzin oraz mi\u0142o\u015bnik\u00f3w ptak\u00f3w w ka\u017cdym wieku.<\/strong><\/p>\n\n\n\n<figure class=\"wp-block-image size-large\"><img loading=\"lazy\" decoding=\"async\" width=\"1024\" height=\"682\" src=\"https:\/\/mazurskaprzyroda.pl\/wp-content\/uploads\/2025\/10\/494066181_1509932870434042_1034809087982941691_n-1024x682.jpg\" alt=\"\" class=\"wp-image-586\" srcset=\"https:\/\/mazurskaprzyroda.pl\/wp-content\/uploads\/2025\/10\/494066181_1509932870434042_1034809087982941691_n-1024x682.jpg 1024w, https:\/\/mazurskaprzyroda.pl\/wp-content\/uploads\/2025\/10\/494066181_1509932870434042_1034809087982941691_n-300x200.jpg 300w, https:\/\/mazurskaprzyroda.pl\/wp-content\/uploads\/2025\/10\/494066181_1509932870434042_1034809087982941691_n-768x512.jpg 768w, https:\/\/mazurskaprzyroda.pl\/wp-content\/uploads\/2025\/10\/494066181_1509932870434042_1034809087982941691_n-1536x1024.jpg 1536w, https:\/\/mazurskaprzyroda.pl\/wp-content\/uploads\/2025\/10\/494066181_1509932870434042_1034809087982941691_n.jpg 2000w\" sizes=\"auto, (max-width: 767px) 89vw, (max-width: 1000px) 54vw, (max-width: 1071px) 543px, 580px\" \/><\/figure>\n","protected":false},"excerpt":{"rendered":"<p>Zapraszamy do Twierdzy Boyen w Gi\u017cycku na Gi\u017cyck\u0105 Noc S\u00f3w \u2013 wyj\u0105tkowe wydarzenie po\u015bwi\u0119cone fascynuj\u0105cemu \u015bwiatu tych niezwyk\u0142ych ptak\u00f3w. Podczas prelekcji uczestnicy poznaj\u0105 biologi\u0119, ekologi\u0119 i rol\u0119 s\u00f3w w przyrodzie oraz dowiedz\u0105 si\u0119, jakie gatunki mo\u017cna spotka\u0107 w Polsce. Po zmroku wyruszymy na wsp\u00f3lny spacer, aby nas\u0142uchiwa\u0107 i obserwowa\u0107 sowy w ich naturalnym \u015brodowisku, a &hellip; <\/p>\n<p class=\"link-more\"><a href=\"https:\/\/mazurskaprzyroda.pl\/?page_id=496\" class=\"more-link\">Czytaj dalej<span class=\"screen-reader-text\"> \u201eGi\u017cycka Noc S\u00f3w\u201d<\/span><\/a><\/p>\n","protected":false},"author":2,"featured_media":0,"parent":0,"menu_order":0,"comment_status":"closed","ping_status":"closed","template":"","meta":{"footnotes":""},"class_list":["post-496","page","type-page","status-publish","hentry"],"_links":{"self":[{"href":"https:\/\/mazurskaprzyroda.pl\/index.php?rest_route=\/wp\/v2\/pages\/496","targetHints":{"allow":["GET"]}}],"collection":[{"href":"https:\/\/mazurskaprzyroda.pl\/index.php?rest_route=\/wp\/v2\/pages"}],"about":[{"href":"https:\/\/mazurskaprzyroda.pl\/index.php?rest_route=\/wp\/v2\/types\/page"}],"author":[{"embeddable":true,"href":"https:\/\/mazurskaprzyroda.pl\/index.php?rest_route=\/wp\/v2\/users\/2"}],"replies":[{"embeddable":true,"href":"https:\/\/mazurskaprzyroda.pl\/index.php?rest_route=%2Fwp%2Fv2%2Fcomments&post=496"}],"version-history":[{"count":2,"href":"https:\/\/mazurskaprzyroda.pl\/index.php?rest_route=\/wp\/v2\/pages\/496\/revisions"}],"predecessor-version":[{"id":587,"href":"https:\/\/mazurskaprzyroda.pl\/index.php?rest_route=\/wp\/v2\/pages\/496\/revisions\/587"}],"wp:attachment":[{"href":"https:\/\/mazurskaprzyroda.pl\/index.php?rest_route=%2Fwp%2Fv2%2Fmedia&parent=496"}],"curies":[{"name":"wp","href":"https:\/\/api.w.org\/{rel}","templated":true}]}}

Giżycka Noc Sów

<p>Zapraszamy do Twierdzy Boyen w Giżycku na Giżycką Noc Sów – wyjątkowe wydarzenie poświęcone fascynującemu światu tych niezwykłych ptaków. Podczas prelekcji uczestnicy poznają biologię, ekologię i rolę sów w przyrodzie oraz dowiedzą się, jakie gatunki można spotkać w Polsce.</p>



<p>Po zmroku wyruszymy na wspólny spacer, aby nasłuchiwać i obserwować sowy w ich naturalnym środowisku, a także lepiej poznać ich zwyczaje i odgłosy.</p>



<p><strong>To wydarzenie łączy edukację, przygodę i kontakt z przyrodą – idealne dla całych rodzin oraz miłośników ptaków w każdym wieku.</strong></p>



<figure class="wp-block-image size-large"><img loading="lazy" decoding="async" width="1024" height="682" src="https://mazurskaprzyroda.pl/wp-content/uploads/2025/10/494066181_1509932870434042_1034809087982941691_n-1024x682.jpg" alt="" class="wp-image-586" srcset="https://mazurskaprzyroda.pl/wp-content/uploads/2025/10/494066181_1509932870434042_1034809087982941691_n-1024x682.jpg 1024w, https://mazurskaprzyroda.pl/wp-content/uploads/2025/10/494066181_1509932870434042_1034809087982941691_n-300x200.jpg 300w, https://mazurskaprzyroda.pl/wp-content/uploads/2025/10/494066181_1509932870434042_1034809087982941691_n-768x512.jpg 768w, https://mazurskaprzyroda.pl/wp-content/uploads/2025/10/494066181_1509932870434042_1034809087982941691_n-1536x1024.jpg 1536w, https://mazurskaprzyroda.pl/wp-content/uploads/2025/10/494066181_1509932870434042_1034809087982941691_n.jpg 2000w" sizes="auto, (max-width: 767px) 89vw, (max-width: 1000px) 54vw, (max-width: 1071px) 543px, 580px" /></figure>

<p>Zapraszamy do Twierdzy Boyen w Giżycku na Giżycką Noc Sów – wyjątkowe wydarzenie poświęcone fascynującemu światu tych niezwykłych ptaków. Podczas prelekcji uczestnicy poznają biologię, ekologię i rolę sów w przyrodzie oraz dowiedzą się, jakie gatunki można spotkać w Polsce. Po zmroku wyruszymy na wspólny spacer, aby nasłuchiwać i obserwować sowy w ich naturalnym środowisku, a &hellip; </p>
<p class="link-more"><a href="https://mazurskaprzyroda.pl/?page_id=496" class="more-link">Czytaj dalej<span class="screen-reader-text"> „Giżycka Noc Sów”</span></a></p>
