{"id":207,"date":"2023-10-20T19:04:16","date_gmt":"2023-10-20T17:04:16","guid":{"rendered":"https:\/\/mazurskaprzyroda.pl\/?page_id=207"},"modified":"2025-10-21T09:29:52","modified_gmt":"2025-10-21T07:29:52","slug":"wystawa-fotografi-przyrodniczej","status":"publish","type":"page","link":"https:\/\/mazurskaprzyroda.pl\/?page_id=207","title":{"rendered":"Wystawa fotografii przyrodniczej"},"content":{"rendered":"\n<p>Plenerowa Wystawa Fotografii Przyrodniczej to wyj\u0105tkowe wydarzenie kulturalne, podczas kt\u00f3rego prezentowane s\u0105 najciekawsze zdj\u0119cia przyrodnicze wykonane przez mieszka\u0144c\u00f3w Gi\u017cycka. To okazja, by zobaczy\u0107, jak lokalni pasjonaci fotografii postrzegaj\u0105 otaczaj\u0105cy ich \u015bwiat natury i jak potrafi\u0105 uchwyci\u0107 jego pi\u0119kno w obiektywie.<\/p>\n\n\n\n<p>Wystawa stanowi nie tylko prezentacj\u0119 talent\u00f3w i pasji mieszka\u0144c\u00f3w, ale r\u00f3wnie\u017c przestrze\u0144 do spotka\u0144, rozm\u00f3w i wymiany do\u015bwiadcze\u0144 mi\u0119dzy mi\u0142o\u015bnikami przyrody, fotografii i lokalnego \u015brodowiska. Podczas otwarcia wydarzenia uczestnicy b\u0119d\u0105 mogli pozna\u0107 autor\u00f3w prac, porozmawia\u0107 o technikach fotograficznych oraz podzieli\u0107 si\u0119 inspiracjami zwi\u0105zanymi z obserwacj\u0105 przyrody.<\/p>\n\n\n\n<p>Ekspozycja ma r\u00f3wnie\u017c wymiar edukacyjny i ekologiczny \u2013 ukazuje pi\u0119kno przyrody Gi\u017cycka i okolic, zach\u0119caj\u0105c do refleksji nad relacj\u0105 cz\u0142owieka z natur\u0105. Fotografia przyrodnicza to bowiem nie tylko sztuka, lecz tak\u017ce \u015bwiadectwo wra\u017cliwo\u015bci, cierpliwo\u015bci i szacunku dla \u015brodowiska.<\/p>\n\n\n\n<p><strong>To wydarzenie, kt\u00f3re \u0142\u0105czy sztuk\u0119, pasj\u0119 i ekologi\u0119 \u2013 zapraszaj\u0105c do odkrywania natury na nowo, oczami mieszka\u0144c\u00f3w naszego miasta.<\/strong><\/p>\n\n\n\n<figure class=\"wp-block-gallery has-nested-images columns-default is-cropped wp-block-gallery-1 is-layout-flex wp-block-gallery-is-layout-flex\">\n<figure class=\"wp-block-image size-large\"><img loading=\"lazy\" decoding=\"async\" width=\"1024\" height=\"683\" data-id=\"337\" src=\"https:\/\/mazurskaprzyroda.pl\/wp-content\/uploads\/2023\/11\/IMG_9690-1024x683.jpg\" alt=\"\" class=\"wp-image-337\" srcset=\"https:\/\/mazurskaprzyroda.pl\/wp-content\/uploads\/2023\/11\/IMG_9690-1024x683.jpg 1024w, https:\/\/mazurskaprzyroda.pl\/wp-content\/uploads\/2023\/11\/IMG_9690-300x200.jpg 300w, https:\/\/mazurskaprzyroda.pl\/wp-content\/uploads\/2023\/11\/IMG_9690-768x512.jpg 768w, https:\/\/mazurskaprzyroda.pl\/wp-content\/uploads\/2023\/11\/IMG_9690-1536x1024.jpg 1536w, https:\/\/mazurskaprzyroda.pl\/wp-content\/uploads\/2023\/11\/IMG_9690.jpg 1872w\" sizes=\"auto, (max-width: 767px) 89vw, (max-width: 1000px) 54vw, (max-width: 1071px) 543px, 580px\" \/><\/figure>\n<\/figure>\n\n\n\n<p><\/p>\n\n\n\n<p><\/p>\n","protected":false},"excerpt":{"rendered":"<p>Plenerowa Wystawa Fotografii Przyrodniczej to wyj\u0105tkowe wydarzenie kulturalne, podczas kt\u00f3rego prezentowane s\u0105 najciekawsze zdj\u0119cia przyrodnicze wykonane przez mieszka\u0144c\u00f3w Gi\u017cycka. To okazja, by zobaczy\u0107, jak lokalni pasjonaci fotografii postrzegaj\u0105 otaczaj\u0105cy ich \u015bwiat natury i jak potrafi\u0105 uchwyci\u0107 jego pi\u0119kno w obiektywie. Wystawa stanowi nie tylko prezentacj\u0119 talent\u00f3w i pasji mieszka\u0144c\u00f3w, ale r\u00f3wnie\u017c przestrze\u0144 do spotka\u0144, rozm\u00f3w &hellip; <\/p>\n<p class=\"link-more\"><a href=\"https:\/\/mazurskaprzyroda.pl\/?page_id=207\" class=\"more-link\">Czytaj dalej<span class=\"screen-reader-text\"> \u201eWystawa fotografii przyrodniczej\u201d<\/span><\/a><\/p>\n","protected":false},"author":2,"featured_media":0,"parent":0,"menu_order":0,"comment_status":"closed","ping_status":"closed","template":"","meta":{"footnotes":""},"class_list":["post-207","page","type-page","status-publish","hentry"],"_links":{"self":[{"href":"https:\/\/mazurskaprzyroda.pl\/index.php?rest_route=\/wp\/v2\/pages\/207","targetHints":{"allow":["GET"]}}],"collection":[{"href":"https:\/\/mazurskaprzyroda.pl\/index.php?rest_route=\/wp\/v2\/pages"}],"about":[{"href":"https:\/\/mazurskaprzyroda.pl\/index.php?rest_route=\/wp\/v2\/types\/page"}],"author":[{"embeddable":true,"href":"https:\/\/mazurskaprzyroda.pl\/index.php?rest_route=\/wp\/v2\/users\/2"}],"replies":[{"embeddable":true,"href":"https:\/\/mazurskaprzyroda.pl\/index.php?rest_route=%2Fwp%2Fv2%2Fcomments&post=207"}],"version-history":[{"count":12,"href":"https:\/\/mazurskaprzyroda.pl\/index.php?rest_route=\/wp\/v2\/pages\/207\/revisions"}],"predecessor-version":[{"id":583,"href":"https:\/\/mazurskaprzyroda.pl\/index.php?rest_route=\/wp\/v2\/pages\/207\/revisions\/583"}],"wp:attachment":[{"href":"https:\/\/mazurskaprzyroda.pl\/index.php?rest_route=%2Fwp%2Fv2%2Fmedia&parent=207"}],"curies":[{"name":"wp","href":"https:\/\/api.w.org\/{rel}","templated":true}]}}

<p>Plenerowa Wystawa Fotografii Przyrodniczej to wyjątkowe wydarzenie kulturalne, podczas którego prezentowane są najciekawsze zdjęcia przyrodnicze wykonane przez mieszkańców Giżycka. To okazja, by zobaczyć, jak lokalni pasjonaci fotografii postrzegają otaczający ich świat natury i jak potrafią uchwycić jego piękno w obiektywie.</p>



<p>Wystawa stanowi nie tylko prezentację talentów i pasji mieszkańców, ale również przestrzeń do spotkań, rozmów i wymiany doświadczeń między miłośnikami przyrody, fotografii i lokalnego środowiska. Podczas otwarcia wydarzenia uczestnicy będą mogli poznać autorów prac, porozmawiać o technikach fotograficznych oraz podzielić się inspiracjami związanymi z obserwacją przyrody.</p>



<p>Ekspozycja ma również wymiar edukacyjny i ekologiczny – ukazuje piękno przyrody Giżycka i okolic, zachęcając do refleksji nad relacją człowieka z naturą. Fotografia przyrodnicza to bowiem nie tylko sztuka, lecz także świadectwo wrażliwości, cierpliwości i szacunku dla środowiska.</p>



<p><strong>To wydarzenie, które łączy sztukę, pasję i ekologię – zapraszając do odkrywania natury na nowo, oczami mieszkańców naszego miasta.</strong></p>



<figure class="wp-block-gallery has-nested-images columns-default is-cropped wp-block-gallery-1 is-layout-flex wp-block-gallery-is-layout-flex">
<figure class="wp-block-image size-large"><img loading="lazy" decoding="async" width="1024" height="683" data-id="337" src="https://mazurskaprzyroda.pl/wp-content/uploads/2023/11/IMG_9690-1024x683.jpg" alt="" class="wp-image-337" srcset="https://mazurskaprzyroda.pl/wp-content/uploads/2023/11/IMG_9690-1024x683.jpg 1024w, https://mazurskaprzyroda.pl/wp-content/uploads/2023/11/IMG_9690-300x200.jpg 300w, https://mazurskaprzyroda.pl/wp-content/uploads/2023/11/IMG_9690-768x512.jpg 768w, https://mazurskaprzyroda.pl/wp-content/uploads/2023/11/IMG_9690-1536x1024.jpg 1536w, https://mazurskaprzyroda.pl/wp-content/uploads/2023/11/IMG_9690.jpg 1872w" sizes="auto, (max-width: 767px) 89vw, (max-width: 1000px) 54vw, (max-width: 1071px) 543px, 580px" /></figure>
</figure>



<p></p>



<p></p>

<p>Plenerowa Wystawa Fotografii Przyrodniczej to wyjątkowe wydarzenie kulturalne, podczas którego prezentowane są najciekawsze zdjęcia przyrodnicze wykonane przez mieszkańców Giżycka. To okazja, by zobaczyć, jak lokalni pasjonaci fotografii postrzegają otaczający ich świat natury i jak potrafią uchwycić jego piękno w obiektywie. Wystawa stanowi nie tylko prezentację talentów i pasji mieszkańców, ale również przestrzeń do spotkań, rozmów &hellip; </p>
<p class="link-more"><a href="https://mazurskaprzyroda.pl/?page_id=207" class="more-link">Czytaj dalej<span class="screen-reader-text"> „Wystawa fotografii przyrodniczej”</span></a></p>
