{"id":193,"date":"2023-10-20T18:51:07","date_gmt":"2023-10-20T16:51:07","guid":{"rendered":"https:\/\/mazurskaprzyroda.pl\/?page_id=193"},"modified":"2025-10-21T09:26:20","modified_gmt":"2025-10-21T07:26:20","slug":"wycieczki-ornitologiczne","status":"publish","type":"page","link":"https:\/\/mazurskaprzyroda.pl\/?page_id=193","title":{"rendered":"Wycieczki ornitologiczne"},"content":{"rendered":"\n<p>Wycieczki ornitologiczne to wyj\u0105tkowa okazja, by odkry\u0107 najcenniejsze przyrodniczo miejsca powiatu gi\u017cyckiego i z bliska pozna\u0107 fascynuj\u0105cy \u015bwiat ptak\u00f3w. W ramach programu zaplanowano trzy wyjazdy terenowe skierowane do mieszka\u0144c\u00f3w regionu, kt\u00f3rzy interesuj\u0105 si\u0119 przyrod\u0105 i ornitologi\u0105.<\/p>\n\n\n\n<p>Podczas wypraw uczestnicy, pod opiek\u0105 do\u015bwiadczonego ornitologa, b\u0119d\u0105 mieli mo\u017cliwo\u015b\u0107 obserwacji ptak\u00f3w w ich naturalnym \u015brodowisku, poznawania r\u00f3\u017cnych siedlisk oraz nauki rozpoznawania gatunk\u00f3w po wygl\u0105dzie i g\u0142osach. Jesie\u0144 to doskona\u0142y czas na spotkanie z gatunkami migruj\u0105cymi i zimuj\u0105cymi, dlatego ka\u017cda z wycieczek dostarczy niezapomnianych wra\u017ce\u0144 i cennych do\u015bwiadcze\u0144 terenowych.<\/p>\n\n\n\n<p>Wyjazdy to r\u00f3wnie\u017c \u015bwietna okazja do rozwijania umiej\u0119tno\u015bci fotografii przyrodniczej \u2013 pod okiem specjalist\u00f3w i w otoczeniu malowniczych krajobraz\u00f3w Mazur.<\/p>\n\n\n\n<p><strong>To po\u0142\u0105czenie edukacji, pasji i przygody \u2013 idealne dla wszystkich, kt\u00f3rzy chc\u0105 bli\u017cej pozna\u0107 przyrod\u0119 swojego regionu.<\/strong><\/p>\n\n\n\n<figure class=\"wp-block-gallery has-nested-images columns-default is-cropped wp-block-gallery-1 is-layout-flex wp-block-gallery-is-layout-flex\">\n<figure class=\"wp-block-image size-large\"><img loading=\"lazy\" decoding=\"async\" width=\"1024\" height=\"683\" data-id=\"245\" src=\"https:\/\/mazurskaprzyroda.pl\/wp-content\/uploads\/2023\/11\/Kari-18432-1-1024x683.jpg\" alt=\"\" class=\"wp-image-245\" srcset=\"https:\/\/mazurskaprzyroda.pl\/wp-content\/uploads\/2023\/11\/Kari-18432-1-1024x683.jpg 1024w, https:\/\/mazurskaprzyroda.pl\/wp-content\/uploads\/2023\/11\/Kari-18432-1-300x200.jpg 300w, https:\/\/mazurskaprzyroda.pl\/wp-content\/uploads\/2023\/11\/Kari-18432-1-768x512.jpg 768w, https:\/\/mazurskaprzyroda.pl\/wp-content\/uploads\/2023\/11\/Kari-18432-1.jpg 1404w\" sizes=\"auto, (max-width: 767px) 89vw, (max-width: 1000px) 54vw, (max-width: 1071px) 543px, 580px\" \/><\/figure>\n<\/figure>\n\n\n\n<p><\/p>\n","protected":false},"excerpt":{"rendered":"<p>Wycieczki ornitologiczne to wyj\u0105tkowa okazja, by odkry\u0107 najcenniejsze przyrodniczo miejsca powiatu gi\u017cyckiego i z bliska pozna\u0107 fascynuj\u0105cy \u015bwiat ptak\u00f3w. W ramach programu zaplanowano trzy wyjazdy terenowe skierowane do mieszka\u0144c\u00f3w regionu, kt\u00f3rzy interesuj\u0105 si\u0119 przyrod\u0105 i ornitologi\u0105. Podczas wypraw uczestnicy, pod opiek\u0105 do\u015bwiadczonego ornitologa, b\u0119d\u0105 mieli mo\u017cliwo\u015b\u0107 obserwacji ptak\u00f3w w ich naturalnym \u015brodowisku, poznawania r\u00f3\u017cnych siedlisk &hellip; <\/p>\n<p class=\"link-more\"><a href=\"https:\/\/mazurskaprzyroda.pl\/?page_id=193\" class=\"more-link\">Czytaj dalej<span class=\"screen-reader-text\"> \u201eWycieczki ornitologiczne\u201d<\/span><\/a><\/p>\n","protected":false},"author":1,"featured_media":0,"parent":0,"menu_order":0,"comment_status":"closed","ping_status":"closed","template":"","meta":{"footnotes":""},"class_list":["post-193","page","type-page","status-publish","hentry"],"_links":{"self":[{"href":"https:\/\/mazurskaprzyroda.pl\/index.php?rest_route=\/wp\/v2\/pages\/193","targetHints":{"allow":["GET"]}}],"collection":[{"href":"https:\/\/mazurskaprzyroda.pl\/index.php?rest_route=\/wp\/v2\/pages"}],"about":[{"href":"https:\/\/mazurskaprzyroda.pl\/index.php?rest_route=\/wp\/v2\/types\/page"}],"author":[{"embeddable":true,"href":"https:\/\/mazurskaprzyroda.pl\/index.php?rest_route=\/wp\/v2\/users\/1"}],"replies":[{"embeddable":true,"href":"https:\/\/mazurskaprzyroda.pl\/index.php?rest_route=%2Fwp%2Fv2%2Fcomments&post=193"}],"version-history":[{"count":9,"href":"https:\/\/mazurskaprzyroda.pl\/index.php?rest_route=\/wp\/v2\/pages\/193\/revisions"}],"predecessor-version":[{"id":581,"href":"https:\/\/mazurskaprzyroda.pl\/index.php?rest_route=\/wp\/v2\/pages\/193\/revisions\/581"}],"wp:attachment":[{"href":"https:\/\/mazurskaprzyroda.pl\/index.php?rest_route=%2Fwp%2Fv2%2Fmedia&parent=193"}],"curies":[{"name":"wp","href":"https:\/\/api.w.org\/{rel}","templated":true}]}}

<p>Wycieczki ornitologiczne to wyjątkowa okazja, by odkryć najcenniejsze przyrodniczo miejsca powiatu giżyckiego i z bliska poznać fascynujący świat ptaków. W ramach programu zaplanowano trzy wyjazdy terenowe skierowane do mieszkańców regionu, którzy interesują się przyrodą i ornitologią.</p>



<p>Podczas wypraw uczestnicy, pod opieką doświadczonego ornitologa, będą mieli możliwość obserwacji ptaków w ich naturalnym środowisku, poznawania różnych siedlisk oraz nauki rozpoznawania gatunków po wyglądzie i głosach. Jesień to doskonały czas na spotkanie z gatunkami migrującymi i zimującymi, dlatego każda z wycieczek dostarczy niezapomnianych wrażeń i cennych doświadczeń terenowych.</p>



<p>Wyjazdy to również świetna okazja do rozwijania umiejętności fotografii przyrodniczej – pod okiem specjalistów i w otoczeniu malowniczych krajobrazów Mazur.</p>



<p><strong>To połączenie edukacji, pasji i przygody – idealne dla wszystkich, którzy chcą bliżej poznać przyrodę swojego regionu.</strong></p>



<figure class="wp-block-gallery has-nested-images columns-default is-cropped wp-block-gallery-1 is-layout-flex wp-block-gallery-is-layout-flex">
<figure class="wp-block-image size-large"><img loading="lazy" decoding="async" width="1024" height="683" data-id="245" src="https://mazurskaprzyroda.pl/wp-content/uploads/2023/11/Kari-18432-1-1024x683.jpg" alt="" class="wp-image-245" srcset="https://mazurskaprzyroda.pl/wp-content/uploads/2023/11/Kari-18432-1-1024x683.jpg 1024w, https://mazurskaprzyroda.pl/wp-content/uploads/2023/11/Kari-18432-1-300x200.jpg 300w, https://mazurskaprzyroda.pl/wp-content/uploads/2023/11/Kari-18432-1-768x512.jpg 768w, https://mazurskaprzyroda.pl/wp-content/uploads/2023/11/Kari-18432-1.jpg 1404w" sizes="auto, (max-width: 767px) 89vw, (max-width: 1000px) 54vw, (max-width: 1071px) 543px, 580px" /></figure>
</figure>



<p></p>

<p>Wycieczki ornitologiczne to wyjątkowa okazja, by odkryć najcenniejsze przyrodniczo miejsca powiatu giżyckiego i z bliska poznać fascynujący świat ptaków. W ramach programu zaplanowano trzy wyjazdy terenowe skierowane do mieszkańców regionu, którzy interesują się przyrodą i ornitologią. Podczas wypraw uczestnicy, pod opieką doświadczonego ornitologa, będą mieli możliwość obserwacji ptaków w ich naturalnym środowisku, poznawania różnych siedlisk &hellip; </p>
<p class="link-more"><a href="https://mazurskaprzyroda.pl/?page_id=193" class="more-link">Czytaj dalej<span class="screen-reader-text"> „Wycieczki ornitologiczne”</span></a></p>
