{"id":191,"date":"2023-10-20T18:51:06","date_gmt":"2023-10-20T16:51:06","guid":{"rendered":"https:\/\/mazurskaprzyroda.pl\/?page_id=191"},"modified":"2025-10-21T09:40:31","modified_gmt":"2025-10-21T07:40:31","slug":"spotkajmy-sie-na-akacjowej","status":"publish","type":"page","link":"https:\/\/mazurskaprzyroda.pl\/?page_id=191","title":{"rendered":"Spotkajmy si\u0119 na Akacjowej"},"content":{"rendered":"\n<p>Wyj\u0105tkowe wydarzenie \u0142\u0105cz\u0105ce aktywno\u015b\u0107 fizyczn\u0105, ekologi\u0119 i integracj\u0119 lokalnej spo\u0142eczno\u015bci.<\/p>\n\n\n\n<p>W programie przewidziano zaj\u0119cia sportowe prowadzone przez animatora, kt\u00f3re maj\u0105 na celu zach\u0119cenie uczestnik\u00f3w, zw\u0142aszcza najm\u0142odszych, do w\u0142\u0105czania ruchu w codzienne \u017cycie. Wsp\u00f3lna akcja sprz\u0105tania osiedla i teren\u00f3w przyleg\u0142ych, pozwala u\u015bwiadomi\u0107 potrzeb\u0119 dbania o otoczenie, w kt\u00f3rym \u017cyjemy.<\/p>\n\n\n\n<p>Kilka godzin sp\u0119dzonych na \u015bwie\u017cym powietrzu ko\u0144czy s\u0105siedzkie spotkanie integracyjne \u2013 doskona\u0142a okazja do poznania mieszka\u0144c\u00f3w, wymiany do\u015bwiadcze\u0144 i budowania trwa\u0142ych relacji s\u0105siedzkich.<\/p>\n\n\n\n<p><strong>Wydarzenie ma charakter rodzinny i jest otwarte dla wszystkich mieszka\u0144c\u00f3w \u2013 niezale\u017cnie od wieku i zainteresowa\u0144.<\/strong><\/p>\n\n\n\n<figure class=\"wp-block-gallery has-nested-images columns-default is-cropped wp-block-gallery-1 is-layout-flex wp-block-gallery-is-layout-flex\">\n<figure class=\"wp-block-image size-large\"><img loading=\"lazy\" decoding=\"async\" width=\"1024\" height=\"768\" data-id=\"463\" src=\"https:\/\/mazurskaprzyroda.pl\/wp-content\/uploads\/2025\/10\/496701886_1521457462614916_6475689057338402952_n-1024x768.jpg\" alt=\"\" class=\"wp-image-463\" srcset=\"https:\/\/mazurskaprzyroda.pl\/wp-content\/uploads\/2025\/10\/496701886_1521457462614916_6475689057338402952_n-1024x768.jpg 1024w, https:\/\/mazurskaprzyroda.pl\/wp-content\/uploads\/2025\/10\/496701886_1521457462614916_6475689057338402952_n-300x225.jpg 300w, https:\/\/mazurskaprzyroda.pl\/wp-content\/uploads\/2025\/10\/496701886_1521457462614916_6475689057338402952_n-768x576.jpg 768w, https:\/\/mazurskaprzyroda.pl\/wp-content\/uploads\/2025\/10\/496701886_1521457462614916_6475689057338402952_n-1536x1152.jpg 1536w, https:\/\/mazurskaprzyroda.pl\/wp-content\/uploads\/2025\/10\/496701886_1521457462614916_6475689057338402952_n.jpg 1600w\" sizes=\"auto, (max-width: 767px) 89vw, (max-width: 1000px) 54vw, (max-width: 1071px) 543px, 580px\" \/><\/figure>\n<\/figure>\n","protected":false},"excerpt":{"rendered":"<p>Wyj\u0105tkowe wydarzenie \u0142\u0105cz\u0105ce aktywno\u015b\u0107 fizyczn\u0105, ekologi\u0119 i integracj\u0119 lokalnej spo\u0142eczno\u015bci. W programie przewidziano zaj\u0119cia sportowe prowadzone przez animatora, kt\u00f3re maj\u0105 na celu zach\u0119cenie uczestnik\u00f3w, zw\u0142aszcza najm\u0142odszych, do w\u0142\u0105czania ruchu w codzienne \u017cycie. Wsp\u00f3lna akcja sprz\u0105tania osiedla i teren\u00f3w przyleg\u0142ych, pozwala u\u015bwiadomi\u0107 potrzeb\u0119 dbania o otoczenie, w kt\u00f3rym \u017cyjemy. Kilka godzin sp\u0119dzonych na \u015bwie\u017cym powietrzu ko\u0144czy &hellip; <\/p>\n<p class=\"link-more\"><a href=\"https:\/\/mazurskaprzyroda.pl\/?page_id=191\" class=\"more-link\">Czytaj dalej<span class=\"screen-reader-text\"> \u201eSpotkajmy si\u0119 na Akacjowej\u201d<\/span><\/a><\/p>\n","protected":false},"author":2,"featured_media":0,"parent":0,"menu_order":0,"comment_status":"closed","ping_status":"closed","template":"","meta":{"footnotes":""},"class_list":["post-191","page","type-page","status-publish","hentry"],"_links":{"self":[{"href":"https:\/\/mazurskaprzyroda.pl\/index.php?rest_route=\/wp\/v2\/pages\/191","targetHints":{"allow":["GET"]}}],"collection":[{"href":"https:\/\/mazurskaprzyroda.pl\/index.php?rest_route=\/wp\/v2\/pages"}],"about":[{"href":"https:\/\/mazurskaprzyroda.pl\/index.php?rest_route=\/wp\/v2\/types\/page"}],"author":[{"embeddable":true,"href":"https:\/\/mazurskaprzyroda.pl\/index.php?rest_route=\/wp\/v2\/users\/2"}],"replies":[{"embeddable":true,"href":"https:\/\/mazurskaprzyroda.pl\/index.php?rest_route=%2Fwp%2Fv2%2Fcomments&post=191"}],"version-history":[{"count":5,"href":"https:\/\/mazurskaprzyroda.pl\/index.php?rest_route=\/wp\/v2\/pages\/191\/revisions"}],"predecessor-version":[{"id":591,"href":"https:\/\/mazurskaprzyroda.pl\/index.php?rest_route=\/wp\/v2\/pages\/191\/revisions\/591"}],"wp:attachment":[{"href":"https:\/\/mazurskaprzyroda.pl\/index.php?rest_route=%2Fwp%2Fv2%2Fmedia&parent=191"}],"curies":[{"name":"wp","href":"https:\/\/api.w.org\/{rel}","templated":true}]}}

Spotkajmy się na Akacjowej

<p>Wyjątkowe wydarzenie łączące aktywność fizyczną, ekologię i integrację lokalnej społeczności.</p>



<p>W programie przewidziano zajęcia sportowe prowadzone przez animatora, które mają na celu zachęcenie uczestników, zwłaszcza najmłodszych, do włączania ruchu w codzienne życie. Wspólna akcja sprzątania osiedla i terenów przyległych, pozwala uświadomić potrzebę dbania o otoczenie, w którym żyjemy.</p>



<p>Kilka godzin spędzonych na świeżym powietrzu kończy sąsiedzkie spotkanie integracyjne – doskonała okazja do poznania mieszkańców, wymiany doświadczeń i budowania trwałych relacji sąsiedzkich.</p>



<p><strong>Wydarzenie ma charakter rodzinny i jest otwarte dla wszystkich mieszkańców – niezależnie od wieku i zainteresowań.</strong></p>



<figure class="wp-block-gallery has-nested-images columns-default is-cropped wp-block-gallery-1 is-layout-flex wp-block-gallery-is-layout-flex">
<figure class="wp-block-image size-large"><img loading="lazy" decoding="async" width="1024" height="768" data-id="463" src="https://mazurskaprzyroda.pl/wp-content/uploads/2025/10/496701886_1521457462614916_6475689057338402952_n-1024x768.jpg" alt="" class="wp-image-463" srcset="https://mazurskaprzyroda.pl/wp-content/uploads/2025/10/496701886_1521457462614916_6475689057338402952_n-1024x768.jpg 1024w, https://mazurskaprzyroda.pl/wp-content/uploads/2025/10/496701886_1521457462614916_6475689057338402952_n-300x225.jpg 300w, https://mazurskaprzyroda.pl/wp-content/uploads/2025/10/496701886_1521457462614916_6475689057338402952_n-768x576.jpg 768w, https://mazurskaprzyroda.pl/wp-content/uploads/2025/10/496701886_1521457462614916_6475689057338402952_n-1536x1152.jpg 1536w, https://mazurskaprzyroda.pl/wp-content/uploads/2025/10/496701886_1521457462614916_6475689057338402952_n.jpg 1600w" sizes="auto, (max-width: 767px) 89vw, (max-width: 1000px) 54vw, (max-width: 1071px) 543px, 580px" /></figure>
</figure>

<p>Wyjątkowe wydarzenie łączące aktywność fizyczną, ekologię i integrację lokalnej społeczności. W programie przewidziano zajęcia sportowe prowadzone przez animatora, które mają na celu zachęcenie uczestników, zwłaszcza najmłodszych, do włączania ruchu w codzienne życie. Wspólna akcja sprzątania osiedla i terenów przyległych, pozwala uświadomić potrzebę dbania o otoczenie, w którym żyjemy. Kilka godzin spędzonych na świeżym powietrzu kończy &hellip; </p>
<p class="link-more"><a href="https://mazurskaprzyroda.pl/?page_id=191" class="more-link">Czytaj dalej<span class="screen-reader-text"> „Spotkajmy się na Akacjowej”</span></a></p>
