{"id":115,"date":"2023-10-19T10:03:10","date_gmt":"2023-10-19T08:03:10","guid":{"rendered":"https:\/\/mazurskaprzyroda.pl\/?page_id=115"},"modified":"2025-10-21T15:22:30","modified_gmt":"2025-10-21T13:22:30","slug":"o-nas-2","status":"publish","type":"page","link":"https:\/\/mazurskaprzyroda.pl\/?page_id=115","title":{"rendered":"O nas"},"content":{"rendered":"\n<p><strong>Stowarzyszenie Mi\u0142o\u015bnik\u00f3w Mazurskiej Przyrody<\/strong><\/p>\n\n\n\n<p>Stowarzyszenie tworz\u0105 ludzie zaanga\u017cowani w lokalne dzia\u0142ania na rzecz Mazurskiej przyrody. Naszym obszarem zainteresowania jest szeroko poj\u0119ta edukacja ekologiczna. Skupiamy si\u0119 na zagadnieniach przyrodniczych i \u015brodowiskowych. W naszych szeregach znajduj\u0105 si\u0119 specjali\u015bci z zakresu ochrony przyrody, ornitologi i gospodarki odpadami. Wsp\u00f3\u0142pracujemy z  samorz\u0105dami, parkami krajobrazowymi, lokalnymi organizacjami przyrodniczymi oraz pasjonatami przyrody i fotografii. <\/p>\n\n\n\n<hr class=\"wp-block-separator has-alpha-channel-opacity\"\/>\n\n\n\n<p class=\"has-white-color has-vivid-cyan-blue-background-color has-text-color has-background has-link-color wp-elements-c44e5d00c87f929c543e309e16423f5e\"><strong>Cz\u0142onkowie stowarzyszenia<\/strong><\/p>\n\n\n\n<div class=\"wp-block-group is-layout-grid wp-container-core-group-is-layout-9649a0d9 wp-block-group-is-layout-grid\">\n<figure class=\"wp-block-image size-full\"><img loading=\"lazy\" decoding=\"async\" width=\"426\" height=\"568\" src=\"http:\/\/mazurskaprzyroda.pl\/wp-content\/uploads\/2025\/10\/IMG_9654-edited-1.jpg\" alt=\"\" class=\"wp-image-525\" srcset=\"https:\/\/mazurskaprzyroda.pl\/wp-content\/uploads\/2025\/10\/IMG_9654-edited-1.jpg 426w, https:\/\/mazurskaprzyroda.pl\/wp-content\/uploads\/2025\/10\/IMG_9654-edited-1-225x300.jpg 225w\" sizes=\"auto, (max-width: 426px) 100vw, 426px\" \/><figcaption class=\"wp-element-caption\">El\u017cbieta Pawlukoi\u0107 &#8211; Witek<\/figcaption><\/figure>\n\n\n\n<figure class=\"wp-block-image size-full\"><img loading=\"lazy\" decoding=\"async\" width=\"510\" height=\"680\" src=\"http:\/\/mazurskaprzyroda.pl\/wp-content\/uploads\/2025\/10\/krzycho-e1697714804590-edited-1.jpg\" alt=\"\" class=\"wp-image-526\" srcset=\"https:\/\/mazurskaprzyroda.pl\/wp-content\/uploads\/2025\/10\/krzycho-e1697714804590-edited-1.jpg 510w, https:\/\/mazurskaprzyroda.pl\/wp-content\/uploads\/2025\/10\/krzycho-e1697714804590-edited-1-225x300.jpg 225w\" sizes=\"auto, (max-width: 510px) 100vw, 510px\" \/><figcaption class=\"wp-element-caption\">Krzysztof Pawlukoi\u0107<\/figcaption><\/figure>\n\n\n\n<figure class=\"wp-block-image size-full wp-container-content-69bc4bdf\"><img loading=\"lazy\" decoding=\"async\" width=\"458\" height=\"611\" src=\"https:\/\/mazurskaprzyroda.pl\/wp-content\/uploads\/2025\/10\/krzysztof-edited-1.jpg\" alt=\"\" class=\"wp-image-524\" srcset=\"https:\/\/mazurskaprzyroda.pl\/wp-content\/uploads\/2025\/10\/krzysztof-edited-1.jpg 458w, https:\/\/mazurskaprzyroda.pl\/wp-content\/uploads\/2025\/10\/krzysztof-edited-1-225x300.jpg 225w\" sizes=\"auto, (max-width: 458px) 100vw, 458px\" \/><figcaption class=\"wp-element-caption\">Krzysztof Juchniewicz<\/figcaption><\/figure>\n\n\n\n<figure class=\"wp-block-image size-full\"><img loading=\"lazy\" decoding=\"async\" width=\"1378\" height=\"1837\" src=\"http:\/\/mazurskaprzyroda.pl\/wp-content\/uploads\/2025\/10\/wojtek-edited-1.jpg\" alt=\"\" class=\"wp-image-523\" srcset=\"https:\/\/mazurskaprzyroda.pl\/wp-content\/uploads\/2025\/10\/wojtek-edited-1.jpg 1378w, https:\/\/mazurskaprzyroda.pl\/wp-content\/uploads\/2025\/10\/wojtek-edited-1-225x300.jpg 225w, https:\/\/mazurskaprzyroda.pl\/wp-content\/uploads\/2025\/10\/wojtek-edited-1-768x1024.jpg 768w, https:\/\/mazurskaprzyroda.pl\/wp-content\/uploads\/2025\/10\/wojtek-edited-1-1152x1536.jpg 1152w\" sizes=\"auto, (max-width: 767px) 89vw, (max-width: 1000px) 54vw, (max-width: 1071px) 543px, 580px\" \/><figcaption class=\"wp-element-caption\">Wojciech Kucfir <br>Przedstawiciel stowarzyszenia<\/figcaption><\/figure>\n<\/div>\n\n\n\n<hr class=\"wp-block-separator has-alpha-channel-opacity\"\/>\n\n\n\n<p class=\"has-white-color has-vivid-cyan-blue-background-color has-text-color has-background has-link-color wp-elements-5cae524c53e13b030e996768a1c444e4\"><strong>Celem Stowarzyszenia jest podejmowanie dzia\u0142a\u0144 na rzecz rozwoju \u015bwiadomo\u015bci ekologicznej spo\u0142eczno\u015bci lokalnej a w szczeg\u00f3lno\u015bci:<\/strong><\/p>\n\n\n\n<div class=\"wp-block-group\"><div class=\"wp-block-group__inner-container is-layout-constrained wp-block-group-is-layout-constrained\">\n<p>Dzia\u0142alno\u015b\u0107 edukacyjna w zakresie ochrony przyrody<\/p>\n\n\n\n<p class=\"has-text-align-left\">Dzia\u0142alno\u015b\u0107 w zakresie ochrony \u015brodowiska i zasob\u00f3w naturalnych<\/p>\n\n\n\n<p class=\"has-text-align-left\">Dzia\u0142alno\u015b\u0107 na rzecz rozwoju \u015bwiadomo\u015bci ekologicznej<\/p>\n\n\n\n<p class=\"has-text-align-left\">Dzia\u0142alno\u015b\u0107 w zakresie upowszechniania kultury i zdrowego trybu \u017cycia<\/p>\n\n\n\n<p class=\"has-text-align-left\">Promocja dzia\u0142alno\u015bci ekologicznej oraz ochrona dziedzictwa przyrodniczego<\/p>\n\n\n\n<p class=\"has-text-align-left\">Propagowanie turystyki aktywnej<\/p>\n\n\n\n<p class=\"has-text-align-left\">Upowszechnianie modelu aktywnego stylu \u017cycia i czynnego wypoczynku<\/p>\n<\/div><\/div>\n\n\n\n<hr class=\"wp-block-separator has-alpha-channel-opacity\"\/>\n\n\n\n<p><\/p>\n","protected":false},"excerpt":{"rendered":"<p>Stowarzyszenie Mi\u0142o\u015bnik\u00f3w Mazurskiej Przyrody Stowarzyszenie tworz\u0105 ludzie zaanga\u017cowani w lokalne dzia\u0142ania na rzecz Mazurskiej przyrody. Naszym obszarem zainteresowania jest szeroko poj\u0119ta edukacja ekologiczna. Skupiamy si\u0119 na zagadnieniach przyrodniczych i \u015brodowiskowych. W naszych szeregach znajduj\u0105 si\u0119 specjali\u015bci z zakresu ochrony przyrody, ornitologi i gospodarki odpadami. Wsp\u00f3\u0142pracujemy z samorz\u0105dami, parkami krajobrazowymi, lokalnymi organizacjami przyrodniczymi oraz pasjonatami przyrody &hellip; <\/p>\n<p class=\"link-more\"><a href=\"https:\/\/mazurskaprzyroda.pl\/?page_id=115\" class=\"more-link\">Czytaj dalej<span class=\"screen-reader-text\"> \u201eO nas\u201d<\/span><\/a><\/p>\n","protected":false},"author":2,"featured_media":0,"parent":0,"menu_order":0,"comment_status":"closed","ping_status":"closed","template":"","meta":{"footnotes":""},"class_list":["post-115","page","type-page","status-publish","hentry"],"_links":{"self":[{"href":"https:\/\/mazurskaprzyroda.pl\/index.php?rest_route=\/wp\/v2\/pages\/115","targetHints":{"allow":["GET"]}}],"collection":[{"href":"https:\/\/mazurskaprzyroda.pl\/index.php?rest_route=\/wp\/v2\/pages"}],"about":[{"href":"https:\/\/mazurskaprzyroda.pl\/index.php?rest_route=\/wp\/v2\/types\/page"}],"author":[{"embeddable":true,"href":"https:\/\/mazurskaprzyroda.pl\/index.php?rest_route=\/wp\/v2\/users\/2"}],"replies":[{"embeddable":true,"href":"https:\/\/mazurskaprzyroda.pl\/index.php?rest_route=%2Fwp%2Fv2%2Fcomments&post=115"}],"version-history":[{"count":46,"href":"https:\/\/mazurskaprzyroda.pl\/index.php?rest_route=\/wp\/v2\/pages\/115\/revisions"}],"predecessor-version":[{"id":727,"href":"https:\/\/mazurskaprzyroda.pl\/index.php?rest_route=\/wp\/v2\/pages\/115\/revisions\/727"}],"wp:attachment":[{"href":"https:\/\/mazurskaprzyroda.pl\/index.php?rest_route=%2Fwp%2Fv2%2Fmedia&parent=115"}],"curies":[{"name":"wp","href":"https:\/\/api.w.org\/{rel}","templated":true}]}}

<p><strong>Stowarzyszenie Miłośników Mazurskiej Przyrody</strong></p>



<p>Stowarzyszenie tworzą ludzie zaangażowani w lokalne działania na rzecz Mazurskiej przyrody. Naszym obszarem zainteresowania jest szeroko pojęta edukacja ekologiczna. Skupiamy się na zagadnieniach przyrodniczych i środowiskowych. W naszych szeregach znajdują się specjaliści z zakresu ochrony przyrody, ornitologi i gospodarki odpadami. Współpracujemy z  samorządami, parkami krajobrazowymi, lokalnymi organizacjami przyrodniczymi oraz pasjonatami przyrody i fotografii. </p>



<hr class="wp-block-separator has-alpha-channel-opacity"/>



<p class="has-white-color has-vivid-cyan-blue-background-color has-text-color has-background has-link-color wp-elements-c44e5d00c87f929c543e309e16423f5e"><strong>Członkowie stowarzyszenia</strong></p>



<div class="wp-block-group is-layout-grid wp-container-core-group-is-layout-9649a0d9 wp-block-group-is-layout-grid">
<figure class="wp-block-image size-full"><img loading="lazy" decoding="async" width="426" height="568" src="http://mazurskaprzyroda.pl/wp-content/uploads/2025/10/IMG_9654-edited-1.jpg" alt="" class="wp-image-525" srcset="https://mazurskaprzyroda.pl/wp-content/uploads/2025/10/IMG_9654-edited-1.jpg 426w, https://mazurskaprzyroda.pl/wp-content/uploads/2025/10/IMG_9654-edited-1-225x300.jpg 225w" sizes="auto, (max-width: 426px) 100vw, 426px" /><figcaption class="wp-element-caption">Elżbieta Pawlukoić &#8211; Witek</figcaption></figure>



<figure class="wp-block-image size-full"><img loading="lazy" decoding="async" width="510" height="680" src="http://mazurskaprzyroda.pl/wp-content/uploads/2025/10/krzycho-e1697714804590-edited-1.jpg" alt="" class="wp-image-526" srcset="https://mazurskaprzyroda.pl/wp-content/uploads/2025/10/krzycho-e1697714804590-edited-1.jpg 510w, https://mazurskaprzyroda.pl/wp-content/uploads/2025/10/krzycho-e1697714804590-edited-1-225x300.jpg 225w" sizes="auto, (max-width: 510px) 100vw, 510px" /><figcaption class="wp-element-caption">Krzysztof Pawlukoić</figcaption></figure>



<figure class="wp-block-image size-full wp-container-content-69bc4bdf"><img loading="lazy" decoding="async" width="458" height="611" src="https://mazurskaprzyroda.pl/wp-content/uploads/2025/10/krzysztof-edited-1.jpg" alt="" class="wp-image-524" srcset="https://mazurskaprzyroda.pl/wp-content/uploads/2025/10/krzysztof-edited-1.jpg 458w, https://mazurskaprzyroda.pl/wp-content/uploads/2025/10/krzysztof-edited-1-225x300.jpg 225w" sizes="auto, (max-width: 458px) 100vw, 458px" /><figcaption class="wp-element-caption">Krzysztof Juchniewicz</figcaption></figure>



<figure class="wp-block-image size-full"><img loading="lazy" decoding="async" width="1378" height="1837" src="http://mazurskaprzyroda.pl/wp-content/uploads/2025/10/wojtek-edited-1.jpg" alt="" class="wp-image-523" srcset="https://mazurskaprzyroda.pl/wp-content/uploads/2025/10/wojtek-edited-1.jpg 1378w, https://mazurskaprzyroda.pl/wp-content/uploads/2025/10/wojtek-edited-1-225x300.jpg 225w, https://mazurskaprzyroda.pl/wp-content/uploads/2025/10/wojtek-edited-1-768x1024.jpg 768w, https://mazurskaprzyroda.pl/wp-content/uploads/2025/10/wojtek-edited-1-1152x1536.jpg 1152w" sizes="auto, (max-width: 767px) 89vw, (max-width: 1000px) 54vw, (max-width: 1071px) 543px, 580px" /><figcaption class="wp-element-caption">Wojciech Kucfir <br>Przedstawiciel stowarzyszenia</figcaption></figure>
</div>



<hr class="wp-block-separator has-alpha-channel-opacity"/>



<p class="has-white-color has-vivid-cyan-blue-background-color has-text-color has-background has-link-color wp-elements-5cae524c53e13b030e996768a1c444e4"><strong>Celem Stowarzyszenia jest podejmowanie działań na rzecz rozwoju świadomości ekologicznej społeczności lokalnej a w szczególności:</strong></p>



<div class="wp-block-group"><div class="wp-block-group__inner-container is-layout-constrained wp-block-group-is-layout-constrained">
<p>Działalność edukacyjna w zakresie ochrony przyrody</p>



<p class="has-text-align-left">Działalność w zakresie ochrony środowiska i zasobów naturalnych</p>



<p class="has-text-align-left">Działalność na rzecz rozwoju świadomości ekologicznej</p>



<p class="has-text-align-left">Działalność w zakresie upowszechniania kultury i zdrowego trybu życia</p>



<p class="has-text-align-left">Promocja działalności ekologicznej oraz ochrona dziedzictwa przyrodniczego</p>



<p class="has-text-align-left">Propagowanie turystyki aktywnej</p>



<p class="has-text-align-left">Upowszechnianie modelu aktywnego stylu życia i czynnego wypoczynku</p>
</div></div>



<hr class="wp-block-separator has-alpha-channel-opacity"/>



<p></p>

<p>Stowarzyszenie Miłośników Mazurskiej Przyrody Stowarzyszenie tworzą ludzie zaangażowani w lokalne działania na rzecz Mazurskiej przyrody. Naszym obszarem zainteresowania jest szeroko pojęta edukacja ekologiczna. Skupiamy się na zagadnieniach przyrodniczych i środowiskowych. W naszych szeregach znajdują się specjaliści z zakresu ochrony przyrody, ornitologi i gospodarki odpadami. Współpracujemy z samorządami, parkami krajobrazowymi, lokalnymi organizacjami przyrodniczymi oraz pasjonatami przyrody &hellip; </p>
<p class="link-more"><a href="https://mazurskaprzyroda.pl/?page_id=115" class="more-link">Czytaj dalej<span class="screen-reader-text"> „O nas”</span></a></p>
