{"id":111,"date":"2023-10-19T09:53:00","date_gmt":"2023-10-19T07:53:00","guid":{"rendered":"https:\/\/mazurskaprzyroda.pl\/?page_id=111"},"modified":"2025-10-21T09:27:09","modified_gmt":"2025-10-21T07:27:09","slug":"gizycka-konferencja-ornitologiczna-2","status":"publish","type":"page","link":"https:\/\/mazurskaprzyroda.pl\/?page_id=111","title":{"rendered":"Gi\u017cycka Konferencja Ornitologiczna"},"content":{"rendered":"\n<p>Gi\u017cycka Konferencja Ornitologiczna to coroczne wydarzenie po\u015bwi\u0119cone tematyce ornitologicznej oraz zagadnieniom zwi\u0105zanym z ochron\u0105 zwierz\u0105t i przyrody. Spotkanie skierowane jest do wszystkich mi\u0142o\u015bnik\u00f3w natury \u2013 zar\u00f3wno pasjonat\u00f3w ptak\u00f3w, jak i os\u00f3b zainteresowanych szeroko poj\u0119t\u0105 ochron\u0105 \u015brodowiska.<\/p>\n\n\n\n<p>Uczestnicy konferencji maj\u0105 okazj\u0119 wys\u0142ucha\u0107 wyst\u0105pie\u0144 uznanych ekspert\u00f3w z ca\u0142ego kraju \u2013 naukowc\u00f3w, przedstawicieli organizacji przyrodniczych, podr\u00f3\u017cnik\u00f3w oraz fotograf\u00f3w przyrody. Zr\u00f3\u017cnicowany program wydarzenia obejmuje szerokie spektrum temat\u00f3w, dzi\u0119ki czemu ka\u017cdy \u2013 niezale\u017cnie od poziomu wiedzy i do\u015bwiadczenia \u2013 znajdzie co\u015b dla siebie.<\/p>\n\n\n\n<p>Konferencja ma na celu promowanie wiedzy o ptakach oraz inspirowanie do dzia\u0142a\u0144 na rzecz ochrony przyrody. Udzia\u0142 w wydarzeniu jest bezp\u0142atny i otwarty dla wszystkich zainteresowanych.<\/p>\n\n\n\n<p><strong>Do\u0142\u0105cz do nas i sta\u0144 si\u0119 cz\u0119\u015bci\u0105 spo\u0142eczno\u015bci, kt\u00f3ra z pasj\u0105 odkrywa bogactwo \u015bwiata ptak\u00f3w i pi\u0119kno lokalnej przyrody.<\/strong> Zarezerwuj sw\u00f3j czas, spotkaj ludzi o podobnych zainteresowaniach i pozw\u00f3l si\u0119 zainspirowa\u0107!<\/p>\n\n\n\n<p><\/p>\n\n\n\n<hr class=\"wp-block-separator has-alpha-channel-opacity\"\/>\n\n\n\n<figure class=\"wp-block-image size-large\"><img loading=\"lazy\" decoding=\"async\" width=\"1024\" height=\"683\" src=\"https:\/\/mazurskaprzyroda.pl\/wp-content\/uploads\/2025\/10\/506258947_1547151826712146_299345157506686742_n-1024x683.jpg\" alt=\"\" class=\"wp-image-427\" srcset=\"https:\/\/mazurskaprzyroda.pl\/wp-content\/uploads\/2025\/10\/506258947_1547151826712146_299345157506686742_n-1024x683.jpg 1024w, https:\/\/mazurskaprzyroda.pl\/wp-content\/uploads\/2025\/10\/506258947_1547151826712146_299345157506686742_n-300x200.jpg 300w, https:\/\/mazurskaprzyroda.pl\/wp-content\/uploads\/2025\/10\/506258947_1547151826712146_299345157506686742_n-768x512.jpg 768w, https:\/\/mazurskaprzyroda.pl\/wp-content\/uploads\/2025\/10\/506258947_1547151826712146_299345157506686742_n-1536x1025.jpg 1536w, https:\/\/mazurskaprzyroda.pl\/wp-content\/uploads\/2025\/10\/506258947_1547151826712146_299345157506686742_n.jpg 2048w\" sizes=\"auto, (max-width: 767px) 89vw, (max-width: 1000px) 54vw, (max-width: 1071px) 543px, 580px\" \/><\/figure>\n","protected":false},"excerpt":{"rendered":"<p>Gi\u017cycka Konferencja Ornitologiczna to coroczne wydarzenie po\u015bwi\u0119cone tematyce ornitologicznej oraz zagadnieniom zwi\u0105zanym z ochron\u0105 zwierz\u0105t i przyrody. Spotkanie skierowane jest do wszystkich mi\u0142o\u015bnik\u00f3w natury \u2013 zar\u00f3wno pasjonat\u00f3w ptak\u00f3w, jak i os\u00f3b zainteresowanych szeroko poj\u0119t\u0105 ochron\u0105 \u015brodowiska. Uczestnicy konferencji maj\u0105 okazj\u0119 wys\u0142ucha\u0107 wyst\u0105pie\u0144 uznanych ekspert\u00f3w z ca\u0142ego kraju \u2013 naukowc\u00f3w, przedstawicieli organizacji przyrodniczych, podr\u00f3\u017cnik\u00f3w oraz fotograf\u00f3w &hellip; <\/p>\n<p class=\"link-more\"><a href=\"https:\/\/mazurskaprzyroda.pl\/?page_id=111\" class=\"more-link\">Czytaj dalej<span class=\"screen-reader-text\"> \u201eGi\u017cycka Konferencja Ornitologiczna\u201d<\/span><\/a><\/p>\n","protected":false},"author":2,"featured_media":0,"parent":0,"menu_order":0,"comment_status":"closed","ping_status":"closed","template":"","meta":{"footnotes":""},"class_list":["post-111","page","type-page","status-publish","hentry"],"_links":{"self":[{"href":"https:\/\/mazurskaprzyroda.pl\/index.php?rest_route=\/wp\/v2\/pages\/111","targetHints":{"allow":["GET"]}}],"collection":[{"href":"https:\/\/mazurskaprzyroda.pl\/index.php?rest_route=\/wp\/v2\/pages"}],"about":[{"href":"https:\/\/mazurskaprzyroda.pl\/index.php?rest_route=\/wp\/v2\/types\/page"}],"author":[{"embeddable":true,"href":"https:\/\/mazurskaprzyroda.pl\/index.php?rest_route=\/wp\/v2\/users\/2"}],"replies":[{"embeddable":true,"href":"https:\/\/mazurskaprzyroda.pl\/index.php?rest_route=%2Fwp%2Fv2%2Fcomments&post=111"}],"version-history":[{"count":7,"href":"https:\/\/mazurskaprzyroda.pl\/index.php?rest_route=\/wp\/v2\/pages\/111\/revisions"}],"predecessor-version":[{"id":582,"href":"https:\/\/mazurskaprzyroda.pl\/index.php?rest_route=\/wp\/v2\/pages\/111\/revisions\/582"}],"wp:attachment":[{"href":"https:\/\/mazurskaprzyroda.pl\/index.php?rest_route=%2Fwp%2Fv2%2Fmedia&parent=111"}],"curies":[{"name":"wp","href":"https:\/\/api.w.org\/{rel}","templated":true}]}}

Giżycka Konferencja Ornitologiczna

<p>Giżycka Konferencja Ornitologiczna to coroczne wydarzenie poświęcone tematyce ornitologicznej oraz zagadnieniom związanym z ochroną zwierząt i przyrody. Spotkanie skierowane jest do wszystkich miłośników natury – zarówno pasjonatów ptaków, jak i osób zainteresowanych szeroko pojętą ochroną środowiska.</p>



<p>Uczestnicy konferencji mają okazję wysłuchać wystąpień uznanych ekspertów z całego kraju – naukowców, przedstawicieli organizacji przyrodniczych, podróżników oraz fotografów przyrody. Zróżnicowany program wydarzenia obejmuje szerokie spektrum tematów, dzięki czemu każdy – niezależnie od poziomu wiedzy i doświadczenia – znajdzie coś dla siebie.</p>



<p>Konferencja ma na celu promowanie wiedzy o ptakach oraz inspirowanie do działań na rzecz ochrony przyrody. Udział w wydarzeniu jest bezpłatny i otwarty dla wszystkich zainteresowanych.</p>



<p><strong>Dołącz do nas i stań się częścią społeczności, która z pasją odkrywa bogactwo świata ptaków i piękno lokalnej przyrody.</strong> Zarezerwuj swój czas, spotkaj ludzi o podobnych zainteresowaniach i pozwól się zainspirować!</p>



<p></p>



<hr class="wp-block-separator has-alpha-channel-opacity"/>



<figure class="wp-block-image size-large"><img loading="lazy" decoding="async" width="1024" height="683" src="https://mazurskaprzyroda.pl/wp-content/uploads/2025/10/506258947_1547151826712146_299345157506686742_n-1024x683.jpg" alt="" class="wp-image-427" srcset="https://mazurskaprzyroda.pl/wp-content/uploads/2025/10/506258947_1547151826712146_299345157506686742_n-1024x683.jpg 1024w, https://mazurskaprzyroda.pl/wp-content/uploads/2025/10/506258947_1547151826712146_299345157506686742_n-300x200.jpg 300w, https://mazurskaprzyroda.pl/wp-content/uploads/2025/10/506258947_1547151826712146_299345157506686742_n-768x512.jpg 768w, https://mazurskaprzyroda.pl/wp-content/uploads/2025/10/506258947_1547151826712146_299345157506686742_n-1536x1025.jpg 1536w, https://mazurskaprzyroda.pl/wp-content/uploads/2025/10/506258947_1547151826712146_299345157506686742_n.jpg 2048w" sizes="auto, (max-width: 767px) 89vw, (max-width: 1000px) 54vw, (max-width: 1071px) 543px, 580px" /></figure>

<p>Giżycka Konferencja Ornitologiczna to coroczne wydarzenie poświęcone tematyce ornitologicznej oraz zagadnieniom związanym z ochroną zwierząt i przyrody. Spotkanie skierowane jest do wszystkich miłośników natury – zarówno pasjonatów ptaków, jak i osób zainteresowanych szeroko pojętą ochroną środowiska. Uczestnicy konferencji mają okazję wysłuchać wystąpień uznanych ekspertów z całego kraju – naukowców, przedstawicieli organizacji przyrodniczych, podróżników oraz fotografów &hellip; </p>
<p class="link-more"><a href="https://mazurskaprzyroda.pl/?page_id=111" class="more-link">Czytaj dalej<span class="screen-reader-text"> „Giżycka Konferencja Ornitologiczna”</span></a></p>
