{"id":418,"date":"2025-10-03T14:43:20","date_gmt":"2025-10-03T12:43:20","guid":{"rendered":"https:\/\/mazurskaprzyroda.pl\/?post_type=event_listing&#038;p=418"},"modified":"2025-10-16T14:40:31","modified_gmt":"2025-10-16T12:40:31","slug":"mazurska-przyroda-okiem-gizycczan","status":"expired","type":"event_listing","link":"https:\/\/mazurskaprzyroda.pl\/?event_listing=mazurska-przyroda-okiem-gizycczan","title":{"rendered":"Mazurska przyroda okiem Gi\u017cycczan"},"content":{"rendered":"\n<p>Zrobienie zjawiskowego zdj\u0119cia przyrodniczego wymaga od fotografa cierpliwo\u015bci, ogromnego do\u015bwiadczenia, szybko\u015bci dzia\u0142ania i odrobiny szcz\u0119\u015bcia. Szczeg\u00f3lnie gdy fotografowanymi obiektami s\u0105 zwierz\u0119ta \ud83e\udd89\ud83e\udd86\ud83e\udd85\ud83e\udebf\ud83e\udece\ud83e\udd8c<\/p>\n\n\n\n<p>Je\u015bli chcecie pozna\u0107 tajniki fotografii przyrodniczej, zapraszamy Was na wernisa\u017c prac fotograficznych Gi\u017cyckich specjalist\u00f3w w tej dziedzinie.<\/p>\n\n\n\n<p>Wernisa\u017c odb\u0119dzie si\u0119 8 pa\u017adziernika na godz 17:00. Oczywi\u015bcie wystawa fotograficzna b\u0119dzie dost\u0119pna dla zwiedzaj\u0105cych Pasa\u017c Portowy, co najmniej przez miesi\u0105c.<\/p>\n\n\n\n<p>W tym roku nasza wystawa poraz pierwszy zosta\u0142a wzbogacona o prac\u0119 konkursowe.<\/p>\n\n\n\n<p>Zadanie publiczne zosta\u0142o dofinansowane ze \u015brodk\u00f3w bud\u017cetowych Miasto Gi\u017cycko w kwocie 5 000 z\u0142.<\/p>\n","protected":false},"featured_media":419,"template":"","meta":[],"event_listing_category":[],"event_listing_type":[],"class_list":["post-418","event_listing","type-event_listing","status-expired","has-post-thumbnail","hentry"],"_links":{"self":[{"href":"https:\/\/mazurskaprzyroda.pl\/index.php?rest_route=\/wp\/v2\/event_listing\/418","targetHints":{"allow":["GET"]}}],"collection":[{"href":"https:\/\/mazurskaprzyroda.pl\/index.php?rest_route=\/wp\/v2\/event_listing"}],"about":[{"href":"https:\/\/mazurskaprzyroda.pl\/index.php?rest_route=\/wp\/v2\/types\/event_listing"}],"wp:featuredmedia":[{"embeddable":true,"href":"https:\/\/mazurskaprzyroda.pl\/index.php?rest_route=\/wp\/v2\/media\/419"}],"wp:attachment":[{"href":"https:\/\/mazurskaprzyroda.pl\/index.php?rest_route=%2Fwp%2Fv2%2Fmedia&parent=418"}],"wp:term":[{"taxonomy":"event_listing_category","embeddable":true,"href":"https:\/\/mazurskaprzyroda.pl\/index.php?rest_route=%2Fwp%2Fv2%2Fevent_listing_category&post=418"},{"taxonomy":"event_listing_type","embeddable":true,"href":"https:\/\/mazurskaprzyroda.pl\/index.php?rest_route=%2Fwp%2Fv2%2Fevent_listing_type&post=418"}],"curies":[{"name":"wp","href":"https:\/\/api.w.org\/{rel}","templated":true}]}}

Mazurska przyroda okiem Giżycczan

<p>Zrobienie zjawiskowego zdjęcia przyrodniczego wymaga od fotografa cierpliwości, ogromnego doświadczenia, szybkości działania i odrobiny szczęścia. Szczególnie gdy fotografowanymi obiektami są zwierzęta 🦉🦆🦅🪿🫎🦌</p>



<p>Jeśli chcecie poznać tajniki fotografii przyrodniczej, zapraszamy Was na wernisaż prac fotograficznych Giżyckich specjalistów w tej dziedzinie.</p>



<p>Wernisaż odbędzie się 8 października na godz 17:00. Oczywiście wystawa fotograficzna będzie dostępna dla zwiedzających Pasaż Portowy, co najmniej przez miesiąc.</p>



<p>W tym roku nasza wystawa poraz pierwszy została wzbogacona o pracę konkursowe.</p>



<p>Zadanie publiczne zostało dofinansowane ze środków budżetowych Miasto Giżycko w kwocie 5 000 zł.</p>
